
Calculate the remainder when 159 is divided by 26.
3
What is the remainder when 5375 is divided by 256?
255
Calculate the remainder when 197 is divided by 53.
38
Calculate the remainder when 440 is divided by 13.
11
What is the remainder when 246 is divided by 3?
0
Calculate the remainder when 70 is divided by 45.
25
Calculate the remainder when 143 is divided by 34.
7
What is the remainder when 394 is divided by 19?
14
Calculate the remainder when 1279 is divided by 16.
15
Calculate the remainder when 87 is divided by 38.
11
What is the remainder when 360 is divided by 5?
0
What is the remainder when 567 is divided by 15?
12
What is the remainder when 6491 is divided by 15?
11
What is the remainder when 48 is divided by 13?
9
What is the remainder when 228 is divided by 58?
54
What is the remainder when 437 is divided by 215?
7
Calculate the remainder when 272 is divided by 10.
2
What is the remainder when 969 is divided by 170?
119
Calculate the remainder when 213 is divided by 27.
24
Calculate the remainder when 1114 is divided by 5.
4
What is the remainder when 114 is divided by 3?
0
Calculate the remainder when 32997 is divided by 15.
12
What is the remainder when 496 is divided by 36?
28
What is the remainder when 126 is divided by 16?
14
Calculate the remainder when 359 is divided by 13.
8
What is the remainder when 540 is divided by 252?
36
Calculate the remainder when 76 is divided by 11.
10
Calculate the remainder when 25 is divided by 13.
12
Calculate the remainder when 111 is divided by 31.
18
What is the remainder when 794 is divided by 6?
2
Calculate the remainder when 172 is divided by 88.
84
Calculate the remainder when 626 is divided by 75.
26
What is the remainder when 25 is divided by 11?
3
What is the remainder when 420 is divided by 59?
7
Calculate the remainder when 3699 is divided by 460.
19
Calculate the remainder when 18 is divided by 1.
0
What is the remainder when 468 is divided by 111?
24
What is the remainder when 5821 is divided by 56?
53
Calculate the remainder when 277 is divided by 27.
7
Calculate the remainder when 3660 is divided by 51.
39
Calculate the remainder when 565 is divided by 129.
49
What is the remainder when 7562 is divided by 62?
60
Calculate the remainder when 664 is divided by 111.
109
Calculate the remainder when 455 is divided by 31.
21
Calculate the remainder when 158 is divided by 34.
22
What is the remainder when 803 is divided by 240?
83
What is the remainder when 9642 is divided by 72?
66
Calculate the remainder when 83 is divided by 21.
20
Calculate the remainder when 10847 is divided by 32.
31
Calculate the remainder when 48 is divided by 10.
8
What is the remainder when 2497 is divided by 1243?
11
What is the remainder when 22 is divided by 14?
8
What is the remainder when 165 is divided by 86?
79
Calculate the remainder when 1682 is divided by 1673.
9
What is the remainder when 111 is divided by 69?
42
What is the remainder when 17247 is divided by 138?
135
Calculate the remainder when 505 is divided by 58.
41
What is the remainder when 16598 is divided by 50?
48
What is the remainder when 184 is divided by 62?
60
Calculate the remainder when 3012 is divided by 45.
42
What is the remainder when 48 is divided by 30?
18
Calculate the remainder when 4525 is divided by 151.
146
What is the remainder when 1245 is divided by 50?
45
What is the remainder when 2956 is divided by 99?
85
Calculate the remainder when 184 is divided by 37.
36
Calculate the remainder when 471 is divided by 43.
41
Calculate the remainder when 34 is divided by 21.
13
Calculate the remainder when 175 is divided by 44.
43
What is the remainder when 907 is divided by 10?
7
Calculate the remainder when 951 is divided by 56.
55
Calculate the remainder when 1189 is divided by 26.
19
What is the remainder when 4123 is divided by 1029?
7
Calculate the remainder when 779 is divided by 23.
20
Calculate the remainder when 235 is divided by 21.
4
What is the remainder when 336 is divided by 17?
13
What is the remainder when 299 is divided by 75?
74
Calculate the remainder when 400 is divided by 15.
10
Calculate the remainder when 1646 is divided by 328.
6
What is the remainder when 571 is divided by 52?
51
Calculate the remainder when 589 is divided by 16.
13
What is the remainder when 171 is divided by 29?
26
What is the remainder when 779 is divided by 30?
29
What is the remainder when 52 is divided by 11?
8
Calculate the remainder when 950 is divided by 56.
54
What is the remainder when 124 is divided by 21?
19
Calculate the remainder when 1097 is divided by 44.
41
Calculate the remainder when 89 is divided by 43.
3
Calculate the remainder when 411 is divided by 84.
75
Calculate the remainder when 139 is divided by 136.
3
Calculate the remainder when 1172 is divided by 25.
22
What is the remainder when 1517 is divided by 19?
16
What is the remainder when 243 is divided by 42?
33
What is the remainder when 237 is divided by 31?
20
Calculate the remainder when 288 is divided by 97.
94
Calculate the remainder when 204 is divided by 65.
9
What is the remainder when 3420 is divided by 286?
274
Calculate the remainder when 176 is divided by 10.
6
Calculate the remainder when 42 is divided by 10.
2
Calculate the remainder when 218 is divided by 37.
33
What is the remainder when 579 is divided by 211?
157
Calculate the remainder when 14 is divided by 4.
2
What is the remainder when 599 is divided by 67?
63
What is the remainder when 132 is divided by 35?
27
What is the remainder when 49 is divided by 17?
15
Calculate the remainder when 259 is divided by 258.
1
Calculate the remainder when 1109 is divided by 30.
29
Calculate the remainder when 302 is divided by 81.
59
What is the remainder when 1379 is divided by 198?
191
Calculate the remainder when 2445 is divided by 175.
170
Calculate the remainder when 1297 is divided by 637.
23
What is the remainder when 48 is divided by 29?
19
What is the remainder when 731 is divided by 32?
27
Calculate the remainder when 935 is divided by 18.
17
Calculate the remainder when 197 is divided by 63.
8
What is the remainder when 45 is divided by 22?
1
What is the remainder when 3279 is divided by 67?
63
What is the remainder when 156 is divided by 17?
3
What is the remainder when 106 is divided by 35?
1
What is the remainder when 810 is divided by 212?
174
Calculate the remainder when 9249 is divided by 37.
36
What is the remainder when 123 is divided by 4?
3
What is the remainder when 6798 is divided by 2260?
18
Calculate the remainder when 227 is divided by 37.
5
Calculate the remainder when 139 is divided by 79.
60
Calculate the remainder when 748 is divided by 15.
13
What is the remainder when 2666 is divided by 36?
2
What is the remainder when 2638 is divided by 8?
6
What is the remainder when 191 is divided by 52?
35
Calculate the remainder when 181 is divided by 48.
37
Calculate the remainder when 1054 is divided by 173.
16
What is the remainder when 394 is divided by 53?
23
Calculate the remainder when 67 is divided by 14.
11
Calculate the remainder when 184 is divided by 108.
76
What is the remainder when 1511 is divided by 17?
15
Calculate the remainder when 157 is divided by 7.
3
Calculate the remainder when 43799 is divided by 121.
118
Calculate the remainder when 1126 is divided by 49.
48
Calculate the remainder when 486 is divided by 146.
48
What is the remainder when 1758 is divided by 875?
8
Calculate the remainder when 4417 is divided by 26.
23
What is the remainder when 148 is divided by 72?
4
What is the remainder when 1603 is divided by 126?
91
Calculate the remainder when 2387 is divided by 104.
99
What is the remainder when 944 is divided by 63?
62
What is the remainder when 268 is divided by 224?
44
Calculate the remainder when 691 is divided by 329.
33
Calculate the remainder when 308 is divided by 24.
20
Calculate the remainder when 19 is divided by 11.
8
Calculate the remainder when 797 is divided by 80.
77
Calculate the remainder when 2399 is divided by 80.
79
Calculate the remainder when 73 is divided by 61.
12
What is the remainder when 125 is divided by 35?
20
Calculate the remainder when 553 is divided by 111.
109
What is the remainder when 126 is divided by 4